{"id":32,"date":"2024-09-20T16:18:25","date_gmt":"2024-09-20T14:18:25","guid":{"rendered":"https:\/\/www.blogg.sh.se\/barnshjalpsokande\/?page_id=32"},"modified":"2024-10-05T13:26:39","modified_gmt":"2024-10-05T11:26:39","slug":"information","status":"publish","type":"page","link":"https:\/\/www.blogg.sh.se\/barnshjalpsokande\/index.php\/information\/","title":{"rendered":"Information till deltagare"},"content":{"rendered":"\n<div class=\"wp-block-buttons is-layout-flex wp-block-buttons-is-layout-flex\">\n<div class=\"wp-block-button\"><a class=\"wp-block-button__link has-black-color has-luminous-vivid-amber-background-color has-text-color has-background has-link-color wp-element-button\" href=\"#hj\u00e4lp\">Hj\u00e4lp och st\u00f6d<\/a><\/div>\n\n\n\n<div class=\"wp-block-button\"><a class=\"wp-block-button__link has-black-color has-luminous-vivid-amber-background-color has-text-color has-background has-link-color wp-element-button\" href=\"https:\/\/www.blogg.sh.se\/barnshjalpsokande\/index.php\/enkatstudien\/\">Enk\u00e4ter i skolan<\/a><\/div>\n\n\n\n<div class=\"wp-block-button\"><a class=\"wp-block-button__link has-black-color has-luminous-vivid-amber-background-color has-text-color has-background has-link-color wp-element-button\" href=\"https:\/\/www.blogg.sh.se\/barnshjalpsokande\/index.php\/intervjuer-med-unga\/\">Intervjuer med unga<\/a><\/div>\n\n\n\n<div class=\"wp-block-button\"><a class=\"wp-block-button__link has-black-color has-luminous-vivid-amber-background-color has-text-color has-background has-link-color wp-element-button\" href=\"https:\/\/www.blogg.sh.se\/barnshjalpsokande\/index.php\/information-till-forsknings-personer-intervjuer-yrkesverksamma\/\">Intervjuer med yrkesverksamma<\/a><\/div>\n\n\n\n<div class=\"wp-block-button\"><a class=\"wp-block-button__link has-black-color has-luminous-vivid-amber-background-color has-text-color has-background has-link-color wp-element-button\" href=\"https:\/\/www.blogg.sh.se\/barnshjalpsokande\/index.php\/referensgrupper-och-workshops\/\">Samskapande workshops<\/a><\/div>\n<\/div>\n\n\n\n<p><\/p>\n\n\n\n<p class=\"has-medium-font-size\" id=\"hj\u00e4lp\"><mark style=\"background-color:rgba(0, 0, 0, 0)\" class=\"has-inline-color has-black-color\">Hit kan v\u00e4nda dig om du beh\u00f6ver hj\u00e4lp eller st\u00f6d<\/mark>:<\/p>\n\n\n\n<p><img loading=\"lazy\" decoding=\"async\" width=\"14\" height=\"14\" class=\"wp-image-63\" style=\"width: 14px;\" src=\"https:\/\/www.blogg.sh.se\/barnshjalpsokande\/wp-content\/uploads\/2024\/09\/liten-prick.png\" alt=\"\"> P\u00e5 din skola<br>Hos elevh\u00e4lsan p\u00e5 din skola kan du f\u00e5 hj\u00e4lp av skolsk\u00f6terska eller skolkurator. D\u00e4r kan du prata om saker som \u00e4r jobbiga i skolan eller hemma.<br><br><img loading=\"lazy\" decoding=\"async\" width=\"14\" height=\"14\" class=\"wp-image-63\" style=\"width: 14px;\" src=\"https:\/\/www.blogg.sh.se\/barnshjalpsokande\/wp-content\/uploads\/2024\/09\/liten-prick.png\" alt=\"\"> Socialtj\u00e4nsten<br>Hos socialtj\u00e4nsten kan du f\u00e5 hj\u00e4lp om du t.ex. inte k\u00e4nner dig trygg hemma eller om du har problem med droger. Information om socialtj\u00e4nsten d\u00e4r du bor finns p\u00e5 din kommuns hemsida eller om du ringer kommunens v\u00e4xel. Du kan l\u00e4sa mer om vad socialtj\u00e4nsten g\u00f6r p\u00e5  <a href=\"https:\/\/kollpasoc.se\/\">https:\/\/kollpasoc.se\/<\/a>.<br><br><img loading=\"lazy\" decoding=\"async\" width=\"14\" height=\"14\" class=\"wp-image-63\" style=\"width: 14px;\" src=\"https:\/\/www.blogg.sh.se\/barnshjalpsokande\/wp-content\/uploads\/2024\/09\/liten-prick.png\" alt=\"\"> Ungdomsmottagningen<br>Hos ungdomsmottagningen kan du f\u00e5 tr\u00e4ffa n\u00e5gon att prata med eller f\u00e5 hj\u00e4lp med t.ex. preventivmedel. P\u00e5&nbsp;<a href=\"http:\/\/www.umo.se\">www.umo.se<\/a>&nbsp;kan du s\u00f6ka mottagningar och hitta mer information om vad ungdomsmottagningen kan hj\u00e4lpa till med. D\u00e4r kan du \u00e4ven hitta digitala ungdomsmottagningar.<br><br><img loading=\"lazy\" decoding=\"async\" width=\"14\" height=\"14\" class=\"wp-image-63\" style=\"width: 14px;\" src=\"https:\/\/www.blogg.sh.se\/barnshjalpsokande\/wp-content\/uploads\/2024\/09\/liten-prick.png\" alt=\"\"> BUP \u2013 Barn- och ungdomspsykiatrin<br>BUP finns i hela Sverige f\u00f6r dig som \u00e4r under 18 \u00e5r och m\u00e5r psykiskt d\u00e5ligt. Hit v\u00e4nder du dig om du beh\u00f6ver mer hj\u00e4lp \u00e4n du kan f\u00e5 p\u00e5 en ungdomsmottagning. P\u00e5 <a href=\"http:\/\/www.umo.se\">www.umo.se<\/a> kan du l\u00e4sa mer om BUP.<br><br><img loading=\"lazy\" decoding=\"async\" width=\"14\" height=\"14\" class=\"wp-image-63\" style=\"width: 14px;\" src=\"https:\/\/www.blogg.sh.se\/barnshjalpsokande\/wp-content\/uploads\/2024\/09\/liten-prick.png\" alt=\"\"> Sjukv\u00e5rden<br>P\u00e5 v\u00e5rdcentralen finns bland annat l\u00e4kare, kuratorer och psykologer. Hit kan du h\u00f6ra av dig b\u00e5de n\u00e4r du m\u00e5r fysiskt och psykiskt d\u00e5ligt. Ring 1177 eller s\u00f6k p\u00e5 <a href=\"http:\/\/www.1177.se\">www.1177.se<\/a> f\u00f6r information om mottagningar n\u00e4ra dig. Om det \u00e4r akut, ring 112.<br><br> <img loading=\"lazy\" decoding=\"async\" width=\"14\" height=\"14\" class=\"wp-image-63\" style=\"width: 14px;\" src=\"https:\/\/www.blogg.sh.se\/barnshjalpsokande\/wp-content\/uploads\/2024\/09\/liten-prick.png\" alt=\"\"> Bris riktar sig till alla barn under 18 \u00e5r som beh\u00f6ver st\u00f6d. Du kan ringa eller sms:a 116&nbsp;111 eller maila och chatta via <a href=\"https:\/\/www.bris.se\/\">Bris hemsida<\/a>. Bris har \u00f6ppet dygnet runt och du kan vara anonym.<br><br> <img loading=\"lazy\" decoding=\"async\" width=\"14\" height=\"14\" class=\"wp-image-63\" style=\"width: 14px;\" src=\"https:\/\/www.blogg.sh.se\/barnshjalpsokande\/wp-content\/uploads\/2024\/09\/liten-prick.png\" alt=\"\"> P\u00e5 Friends kan du f\u00e5 st\u00f6d och hj\u00e4lp n\u00e4r det g\u00e4ller mobbning eller utsatthet. Du kan ringa 08-545 519 90 eller mejla via <a href=\"https:\/\/friends.se\/\">Friends hemsida<\/a>.<br><br> <img loading=\"lazy\" decoding=\"async\" width=\"14\" height=\"14\" class=\"wp-image-63\" style=\"width: 14px;\" src=\"https:\/\/www.blogg.sh.se\/barnshjalpsokande\/wp-content\/uploads\/2024\/09\/liten-prick.png\" alt=\"\"> P\u00e5 R\u00f6da korsets chatt <a href=\"https:\/\/old.rkuf.se\/vad-vi-gor\/jourhavande-kompis\/\">Jourhavande kompis <\/a>kan du som \u00e4r barn eller ung vuxen chatta med andra unga. Du kan vara anonym.<br><br> <img loading=\"lazy\" decoding=\"async\" width=\"14\" height=\"14\" class=\"wp-image-63\" style=\"width: 14px;\" src=\"https:\/\/www.blogg.sh.se\/barnshjalpsokande\/wp-content\/uploads\/2024\/09\/liten-prick.png\" alt=\"\"> P\u00e5 Minds chatt <a href=\"https:\/\/mind.se\/livslinjen-chatt\/\">Livslinjen<\/a> kan du som \u00e4r 16\u201325 \u00e5r chatta med en vuxen. Du kan vara anonym.<br><br> <img loading=\"lazy\" decoding=\"async\" width=\"14\" height=\"14\" class=\"wp-image-63\" style=\"width: 14px;\" src=\"https:\/\/www.blogg.sh.se\/barnshjalpsokande\/wp-content\/uploads\/2024\/09\/liten-prick.png\" alt=\"\"> P\u00e5&nbsp;<a href=\"http:\/\/www.umo.se\">www.umo.se<\/a>&nbsp;och p\u00e5 <a href=\"http:\/\/www.mind.se\">www.mind.se<\/a> finns mer information om andra st\u00f6dfunktioner.<\/p>\n","protected":false},"excerpt":{"rendered":"<p>Hit kan v\u00e4nda dig om du beh\u00f6ver hj\u00e4lp eller st\u00f6d: P\u00e5 din skolaHos elevh\u00e4lsan p\u00e5 din skola kan du f\u00e5 hj\u00e4lp av skolsk\u00f6terska eller skolkurator. D\u00e4r kan du prata om saker som \u00e4r jobbiga i skolan eller hemma. Socialtj\u00e4nstenHos socialtj\u00e4nsten kan du f\u00e5 hj\u00e4lp om du t.ex. inte k\u00e4nner dig trygg hemma eller om du &hellip; <\/p>\n<p class=\"link-more\"><a href=\"https:\/\/www.blogg.sh.se\/barnshjalpsokande\/index.php\/information\/\" class=\"more-link\">Forts\u00e4tt l\u00e4sa<span class=\"screen-reader-text\"> \u201dInformation till deltagare\u201d<\/span><\/a><\/p>\n","protected":false},"author":2,"featured_media":0,"parent":0,"menu_order":0,"comment_status":"closed","ping_status":"closed","template":"","meta":{"footnotes":""},"class_list":["post-32","page","type-page","status-publish","hentry"],"_links":{"self":[{"href":"https:\/\/www.blogg.sh.se\/barnshjalpsokande\/index.php\/wp-json\/wp\/v2\/pages\/32","targetHints":{"allow":["GET"]}}],"collection":[{"href":"https:\/\/www.blogg.sh.se\/barnshjalpsokande\/index.php\/wp-json\/wp\/v2\/pages"}],"about":[{"href":"https:\/\/www.blogg.sh.se\/barnshjalpsokande\/index.php\/wp-json\/wp\/v2\/types\/page"}],"author":[{"embeddable":true,"href":"https:\/\/www.blogg.sh.se\/barnshjalpsokande\/index.php\/wp-json\/wp\/v2\/users\/2"}],"replies":[{"embeddable":true,"href":"https:\/\/www.blogg.sh.se\/barnshjalpsokande\/index.php\/wp-json\/wp\/v2\/comments?post=32"}],"version-history":[{"count":21,"href":"https:\/\/www.blogg.sh.se\/barnshjalpsokande\/index.php\/wp-json\/wp\/v2\/pages\/32\/revisions"}],"predecessor-version":[{"id":193,"href":"https:\/\/www.blogg.sh.se\/barnshjalpsokande\/index.php\/wp-json\/wp\/v2\/pages\/32\/revisions\/193"}],"wp:attachment":[{"href":"https:\/\/www.blogg.sh.se\/barnshjalpsokande\/index.php\/wp-json\/wp\/v2\/media?parent=32"}],"curies":[{"name":"wp","href":"https:\/\/api.w.org\/{rel}","templated":true}]}}