{"id":74,"date":"2024-09-30T20:17:19","date_gmt":"2024-09-30T18:17:19","guid":{"rendered":"https:\/\/www.blogg.sh.se\/barnshjalpsokande\/?page_id=74"},"modified":"2025-03-17T16:07:10","modified_gmt":"2025-03-17T15:07:10","slug":"enkatstudien","status":"publish","type":"page","link":"https:\/\/www.blogg.sh.se\/barnshjalpsokande\/index.php\/enkatstudien\/","title":{"rendered":"Enk\u00e4ter till elever i \u00e5k 9"},"content":{"rendered":"\n<p>Vi genomf\u00f6r enk\u00e4ter med elever i \u00e5rskurs 9 p\u00e5 ett antal skolor i Mellansverige. Om du g\u00e5r i en klass som ska delta kommer du f\u00e5 m\u00f6jlighet att fylla i enk\u00e4ten under skoltid. En forskare kommer att vara p\u00e5 plats och kan svara p\u00e5 fr\u00e5gor.<br><br><img loading=\"lazy\" decoding=\"async\" width=\"14\" height=\"14\" class=\"wp-image-63\" style=\"width: 14px;\" src=\"https:\/\/www.blogg.sh.se\/barnshjalpsokande\/wp-content\/uploads\/2024\/09\/liten-prick.png\" alt=\"\"> <a href=\"https:\/\/www.blogg.sh.se\/barnshjalpsokande\/index.php\/om\/\" data-type=\"page\" data-id=\"31\">H\u00e4r<\/a> kan du l\u00e4sa mer om forskningsprojektet<br><br><img loading=\"lazy\" decoding=\"async\" width=\"14\" height=\"14\" class=\"wp-image-63\" style=\"width: 14px;\" src=\"https:\/\/www.blogg.sh.se\/barnshjalpsokande\/wp-content\/uploads\/2024\/09\/liten-prick.png\" alt=\"\"> <a href=\"https:\/\/www.blogg.sh.se\/barnshjalpsokande\/wp-content\/uploads\/2025\/01\/Forskningspersonsinformation-enkat.pdf\" data-type=\"attachment\" data-id=\"104\">H\u00e4r<\/a> kan du l\u00e4sa mer om vad det inneb\u00e4r att delta i enk\u00e4ten<br><br><img loading=\"lazy\" decoding=\"async\" width=\"14\" height=\"14\" class=\"wp-image-63\" style=\"width: 14px;\" src=\"https:\/\/www.blogg.sh.se\/barnshjalpsokande\/wp-content\/uploads\/2024\/09\/liten-prick.png\" alt=\"\"> <a href=\"https:\/\/www.blogg.sh.se\/barnshjalpsokande\/index.php\/kontakt\/\" data-type=\"page\" data-id=\"29\">Kontakt<\/a> och information om oss i projektet<\/p>\n\n\n\n<p><\/p>\n","protected":false},"excerpt":{"rendered":"<p>Vi genomf\u00f6r enk\u00e4ter med elever i \u00e5rskurs 9 p\u00e5 ett antal skolor i Mellansverige. Om du g\u00e5r i en klass som ska delta kommer du f\u00e5 m\u00f6jlighet att fylla i enk\u00e4ten under skoltid. En forskare kommer att vara p\u00e5 plats och kan svara p\u00e5 fr\u00e5gor. H\u00e4r kan du l\u00e4sa mer om forskningsprojektet H\u00e4r kan du &hellip; <\/p>\n<p class=\"link-more\"><a href=\"https:\/\/www.blogg.sh.se\/barnshjalpsokande\/index.php\/enkatstudien\/\" class=\"more-link\">Forts\u00e4tt l\u00e4sa<span class=\"screen-reader-text\"> \u201dEnk\u00e4ter till elever i \u00e5k 9\u201d<\/span><\/a><\/p>\n","protected":false},"author":2,"featured_media":0,"parent":0,"menu_order":0,"comment_status":"closed","ping_status":"closed","template":"","meta":{"footnotes":""},"class_list":["post-74","page","type-page","status-publish","hentry"],"_links":{"self":[{"href":"https:\/\/www.blogg.sh.se\/barnshjalpsokande\/index.php\/wp-json\/wp\/v2\/pages\/74","targetHints":{"allow":["GET"]}}],"collection":[{"href":"https:\/\/www.blogg.sh.se\/barnshjalpsokande\/index.php\/wp-json\/wp\/v2\/pages"}],"about":[{"href":"https:\/\/www.blogg.sh.se\/barnshjalpsokande\/index.php\/wp-json\/wp\/v2\/types\/page"}],"author":[{"embeddable":true,"href":"https:\/\/www.blogg.sh.se\/barnshjalpsokande\/index.php\/wp-json\/wp\/v2\/users\/2"}],"replies":[{"embeddable":true,"href":"https:\/\/www.blogg.sh.se\/barnshjalpsokande\/index.php\/wp-json\/wp\/v2\/comments?post=74"}],"version-history":[{"count":10,"href":"https:\/\/www.blogg.sh.se\/barnshjalpsokande\/index.php\/wp-json\/wp\/v2\/pages\/74\/revisions"}],"predecessor-version":[{"id":244,"href":"https:\/\/www.blogg.sh.se\/barnshjalpsokande\/index.php\/wp-json\/wp\/v2\/pages\/74\/revisions\/244"}],"wp:attachment":[{"href":"https:\/\/www.blogg.sh.se\/barnshjalpsokande\/index.php\/wp-json\/wp\/v2\/media?parent=74"}],"curies":[{"name":"wp","href":"https:\/\/api.w.org\/{rel}","templated":true}]}}