{"id":21,"date":"2025-02-03T15:13:30","date_gmt":"2025-02-03T14:13:30","guid":{"rendered":"https:\/\/www.blogg.sh.se\/hbtqi65plus\/?page_id=21"},"modified":"2025-04-30T11:21:57","modified_gmt":"2025-04-30T09:21:57","slug":"kontakt","status":"publish","type":"page","link":"https:\/\/www.blogg.sh.se\/hbtqi65plus\/index.php\/kontakt\/","title":{"rendered":"Kontakt"},"content":{"rendered":"\n<p>Vi som arbetar i det h\u00e4r projektet \u00e4r:<\/p>\n\n\n\n<p><a href=\"https:\/\/www.sh.se\/kontakt\/forskare\/anna-siverskog\" target=\"_blank\" rel=\"noreferrer noopener\">Anna Siverskog<\/a>, anna.siverskog@sh.se<\/p>\n\n\n\n<p><a href=\"https:\/\/ki.se\/personer\/max-kleijberg\" target=\"_blank\" rel=\"noreferrer noopener\">Max Kleijberg<\/a>, max.kleijberg@ki.se<\/p>\n\n\n\n<p><a href=\"https:\/\/ki.se\/personer\/richard-branstrom\" target=\"_blank\" rel=\"noreferrer noopener\">Richard Br\u00e4nstr\u00f6m<\/a>, richard.branstrom@ki.se<\/p>\n\n\n\n<p><\/p>\n\n\n\n<p>Vi har alla tidigare p\u00e5 olika vis arbetat med hbtqi-forskning. <\/p>\n\n\n\n<p>Anna Siverskog \u00e4r doktor i \u00e4ldre och \u00e5ldrande och har under m\u00e5nga \u00e5r arbetat med hbtqi-\u00e5ldrande. Hon skrev <a href=\"https:\/\/www.diva-portal.org\/smash\/get\/diva2:1046379\/FULLTEXT02.pdf\">sin avhandling <\/a>baserad p\u00e5 livsber\u00e4ttelser med \u00e4ldre hbtqi-personer f\u00f6dda mellan 1922-1945. Hon har senare fokuserat p\u00e5 hbtqi-fr\u00e5gor i relation till \u00e4ldreomsorg, bland annat genom skriften <a href=\"https:\/\/rfslstockholm.se\/bestall-skriften-queer-aldreomsorg-gratis\/\">Queer \u00e4ldreomsorg<\/a> om gjordes i samarbete med RFSL Stockholm. Hon har \u00e4ven arbetat med <a href=\"https:\/\/blogg.sh.se\/hbtqochdemens\/\">hbtqi-perspektiv p\u00e5 svensk demensomsorg.<\/a> <\/p>\n\n\n\n<div class=\"wp-block-columns is-layout-flex wp-container-core-columns-is-layout-1 wp-block-columns-is-layout-flex\">\n<div class=\"wp-block-column is-layout-flow wp-block-column-is-layout-flow\">\n<figure class=\"wp-block-image size-full is-resized\"><a href=\"https:\/\/liu.diva-portal.org\/smash\/get\/diva2:1046379\/FULLTEXT02.pdf\"><img loading=\"lazy\" decoding=\"async\" width=\"621\" height=\"903\" src=\"https:\/\/www.blogg.sh.se\/hbtqi65plus\/wp-content\/uploads\/2025\/04\/Skarmbild_30-4-2025_11727_-1.jpeg\" alt=\"\" class=\"wp-image-71\" style=\"width:168px;height:auto\" srcset=\"https:\/\/www.blogg.sh.se\/hbtqi65plus\/wp-content\/uploads\/2025\/04\/Skarmbild_30-4-2025_11727_-1.jpeg 621w, https:\/\/www.blogg.sh.se\/hbtqi65plus\/wp-content\/uploads\/2025\/04\/Skarmbild_30-4-2025_11727_-1-206x300.jpeg 206w\" sizes=\"auto, (max-width: 621px) 100vw, 621px\" \/><\/a><\/figure>\n<\/div>\n\n\n\n<div class=\"wp-block-column is-layout-flow wp-block-column-is-layout-flow\">\n<figure class=\"wp-block-image size-full is-resized\"><a href=\"https:\/\/rfslstockholm.se\/bestall-skriften-queer-aldreomsorg-gratis\/\"><img loading=\"lazy\" decoding=\"async\" width=\"382\" height=\"591\" src=\"https:\/\/www.blogg.sh.se\/hbtqi65plus\/wp-content\/uploads\/2025\/04\/image-1.jpg\" alt=\"\" class=\"wp-image-72\" style=\"width:157px;height:auto\" srcset=\"https:\/\/www.blogg.sh.se\/hbtqi65plus\/wp-content\/uploads\/2025\/04\/image-1.jpg 382w, https:\/\/www.blogg.sh.se\/hbtqi65plus\/wp-content\/uploads\/2025\/04\/image-1-194x300.jpg 194w\" sizes=\"auto, (max-width: 382px) 100vw, 382px\" \/><\/a><\/figure>\n<\/div>\n\n\n\n<div class=\"wp-block-column is-layout-flow wp-block-column-is-layout-flow\">\n<figure class=\"wp-block-image size-full is-resized\"><a href=\"https:\/\/pub.norden.org\/temanord2023-547\/temanord2023-547.pdf\"><img loading=\"lazy\" decoding=\"async\" width=\"594\" height=\"792\" src=\"https:\/\/www.blogg.sh.se\/hbtqi65plus\/wp-content\/uploads\/2025\/04\/Screenshot-2025-04-30-at-11-16-04-temanord2023-547-temanord2023-547.pdf.jpg\" alt=\"\" class=\"wp-image-73\" style=\"width:180px;height:auto\" srcset=\"https:\/\/www.blogg.sh.se\/hbtqi65plus\/wp-content\/uploads\/2025\/04\/Screenshot-2025-04-30-at-11-16-04-temanord2023-547-temanord2023-547.pdf.jpg 594w, https:\/\/www.blogg.sh.se\/hbtqi65plus\/wp-content\/uploads\/2025\/04\/Screenshot-2025-04-30-at-11-16-04-temanord2023-547-temanord2023-547.pdf-225x300.jpg 225w\" sizes=\"auto, (max-width: 594px) 100vw, 594px\" \/><\/a><\/figure>\n<\/div>\n<\/div>\n\n\n\n<p>Max Kleijberg \u00e4r doktor och har sin bakgrund i design och v\u00e5rdvetenskap. Hans forskningsintresse r\u00f6r h\u00e4lsofr\u00e4mjande och j\u00e4mlikhetsperspektiv p\u00e5 \u00e5ldrande, cancer, och livets slutskede, med s\u00e4rskild fokus p\u00e5 HBTQ+ personer och personer med s\u00e4mre socioekonomiska f\u00f6ruts\u00e4ttningar. P\u00e5g\u00e5ende forskningsprojekt handlar om att unders\u00f6ka HBTQ+ perspektiv p\u00e5 d\u00f6ende, d\u00f6d, sorg och v\u00e5rd i livets slutskede; mental h\u00e4lsa och sociala n\u00e4tverk bland \u00e4ldre HBTQ+ personer; hur screeningsprogrammet f\u00f6r livmoderhalscancer kan f\u00f6rb\u00e4ttras f\u00f6r transpersoner; samt hur cancerprevention och tidigt uppt\u00e4ckt kan fr\u00e4mjas hos personer som bor i omr\u00e5den med s\u00e4mre socioekonomiska f\u00f6ruts\u00e4ttningar.<\/p>\n\n\n\n<p>Richard Br\u00e4nstr\u00f6m \u00e4r docent i folkh\u00e4lsovetenskap. I hans forskning studerar hur biologiska, psykologiska, sociala och kulturella faktorer p\u00e5verkar h\u00e4lsan hos homosexuella, bisexuella, transpersoner och personer med queera uttryck och identiteter (HBTQ). I denna forskning anv\u00e4nder han b\u00e5de socialepidemiologiska, psykologiska och socialekologiska modeller f\u00f6r att f\u00f6rst\u00e5 effekten av stigma och diskriminering p\u00e5 fysisk och psykisk h\u00e4lsooj\u00e4mlikhet baserad p\u00e5 sexuell l\u00e4ggning och k\u00f6nsidentitet.<\/p>\n","protected":false},"excerpt":{"rendered":"<p>Vi som arbetar i det h\u00e4r projektet \u00e4r: Anna Siverskog, anna.siverskog@sh.se Max Kleijberg, max.kleijberg@ki.se Richard Br\u00e4nstr\u00f6m, richard.branstrom@ki.se Vi har alla tidigare p\u00e5 olika vis arbetat med hbtqi-forskning. Anna Siverskog \u00e4r doktor i \u00e4ldre och \u00e5ldrande och har under m\u00e5nga \u00e5r arbetat med hbtqi-\u00e5ldrande. Hon skrev sin avhandling baserad p\u00e5 livsber\u00e4ttelser med \u00e4ldre hbtqi-personer f\u00f6dda mellan [&hellip;]<\/p>\n","protected":false},"author":2,"featured_media":66,"parent":0,"menu_order":0,"comment_status":"closed","ping_status":"closed","template":"","meta":{"_monsterinsights_skip_tracking":false,"_monsterinsights_sitenote_active":false,"_monsterinsights_sitenote_note":"","_monsterinsights_sitenote_category":0,"footnotes":""},"class_list":["post-21","page","type-page","status-publish","has-post-thumbnail","hentry"],"yoast_head":"<!-- This site is optimized with the Yoast SEO plugin v24.2 - https:\/\/yoast.com\/wordpress\/plugins\/seo\/ -->\n<title>Kontakt - hbtqi65plus<\/title>\n<meta name=\"robots\" content=\"index, follow, max-snippet:-1, max-image-preview:large, max-video-preview:-1\" \/>\n<link rel=\"canonical\" href=\"https:\/\/www.blogg.sh.se\/hbtqi65plus\/index.php\/kontakt\/\" \/>\n<meta property=\"og:locale\" content=\"sv_SE\" \/>\n<meta property=\"og:type\" content=\"article\" \/>\n<meta property=\"og:title\" content=\"Kontakt - hbtqi65plus\" \/>\n<meta property=\"og:description\" content=\"Vi som arbetar i det h\u00e4r projektet \u00e4r: Anna Siverskog, anna.siverskog@sh.se Max Kleijberg, max.kleijberg@ki.se Richard Br\u00e4nstr\u00f6m, richard.branstrom@ki.se Vi har alla tidigare p\u00e5 olika vis arbetat med hbtqi-forskning. Anna Siverskog \u00e4r doktor i \u00e4ldre och \u00e5ldrande och har under m\u00e5nga \u00e5r arbetat med hbtqi-\u00e5ldrande. Hon skrev sin avhandling baserad p\u00e5 livsber\u00e4ttelser med \u00e4ldre hbtqi-personer f\u00f6dda mellan [&hellip;]\" \/>\n<meta property=\"og:url\" content=\"https:\/\/www.blogg.sh.se\/hbtqi65plus\/index.php\/kontakt\/\" \/>\n<meta property=\"og:site_name\" content=\"hbtqi65plus\" \/>\n<meta property=\"article:modified_time\" content=\"2025-04-30T09:21:57+00:00\" \/>\n<meta property=\"og:image\" content=\"https:\/\/www.blogg.sh.se\/hbtqi65plus\/wp-content\/uploads\/2025\/04\/pexels-mahima-518693-1250260-scaled.jpg\" \/>\n\t<meta property=\"og:image:width\" content=\"2560\" \/>\n\t<meta property=\"og:image:height\" content=\"1707\" \/>\n\t<meta property=\"og:image:type\" content=\"image\/jpeg\" \/>\n<meta name=\"twitter:card\" content=\"summary_large_image\" \/>\n<meta name=\"twitter:label1\" content=\"Ber\u00e4knad l\u00e4stid\" \/>\n\t<meta name=\"twitter:data1\" content=\"1 minut\" \/>\n<script type=\"application\/ld+json\" class=\"yoast-schema-graph\">{\"@context\":\"https:\/\/schema.org\",\"@graph\":[{\"@type\":\"WebPage\",\"@id\":\"https:\/\/www.blogg.sh.se\/hbtqi65plus\/index.php\/kontakt\/\",\"url\":\"https:\/\/www.blogg.sh.se\/hbtqi65plus\/index.php\/kontakt\/\",\"name\":\"Kontakt - hbtqi65plus\",\"isPartOf\":{\"@id\":\"https:\/\/www.blogg.sh.se\/hbtqi65plus\/#website\"},\"primaryImageOfPage\":{\"@id\":\"https:\/\/www.blogg.sh.se\/hbtqi65plus\/index.php\/kontakt\/#primaryimage\"},\"image\":{\"@id\":\"https:\/\/www.blogg.sh.se\/hbtqi65plus\/index.php\/kontakt\/#primaryimage\"},\"thumbnailUrl\":\"https:\/\/www.blogg.sh.se\/hbtqi65plus\/wp-content\/uploads\/2025\/04\/pexels-mahima-518693-1250260-scaled.jpg\",\"datePublished\":\"2025-02-03T14:13:30+00:00\",\"dateModified\":\"2025-04-30T09:21:57+00:00\",\"breadcrumb\":{\"@id\":\"https:\/\/www.blogg.sh.se\/hbtqi65plus\/index.php\/kontakt\/#breadcrumb\"},\"inLanguage\":\"sv-SE\",\"potentialAction\":[{\"@type\":\"ReadAction\",\"target\":[\"https:\/\/www.blogg.sh.se\/hbtqi65plus\/index.php\/kontakt\/\"]}]},{\"@type\":\"ImageObject\",\"inLanguage\":\"sv-SE\",\"@id\":\"https:\/\/www.blogg.sh.se\/hbtqi65plus\/index.php\/kontakt\/#primaryimage\",\"url\":\"https:\/\/www.blogg.sh.se\/hbtqi65plus\/wp-content\/uploads\/2025\/04\/pexels-mahima-518693-1250260-scaled.jpg\",\"contentUrl\":\"https:\/\/www.blogg.sh.se\/hbtqi65plus\/wp-content\/uploads\/2025\/04\/pexels-mahima-518693-1250260-scaled.jpg\",\"width\":2560,\"height\":1707},{\"@type\":\"BreadcrumbList\",\"@id\":\"https:\/\/www.blogg.sh.se\/hbtqi65plus\/index.php\/kontakt\/#breadcrumb\",\"itemListElement\":[{\"@type\":\"ListItem\",\"position\":1,\"name\":\"Home\",\"item\":\"https:\/\/www.blogg.sh.se\/hbtqi65plus\/\"},{\"@type\":\"ListItem\",\"position\":2,\"name\":\"Kontakt\"}]},{\"@type\":\"WebSite\",\"@id\":\"https:\/\/www.blogg.sh.se\/hbtqi65plus\/#website\",\"url\":\"https:\/\/www.blogg.sh.se\/hbtqi65plus\/\",\"name\":\"hbtqi65plus\",\"description\":\"Sociala relationer, h\u00e4lsa och livsvillkor bland hbtqi-personer  65 \u00e5r  och \u00e4ldre\",\"publisher\":{\"@id\":\"https:\/\/www.blogg.sh.se\/hbtqi65plus\/#organization\"},\"potentialAction\":[{\"@type\":\"SearchAction\",\"target\":{\"@type\":\"EntryPoint\",\"urlTemplate\":\"https:\/\/www.blogg.sh.se\/hbtqi65plus\/?s={search_term_string}\"},\"query-input\":{\"@type\":\"PropertyValueSpecification\",\"valueRequired\":true,\"valueName\":\"search_term_string\"}}],\"inLanguage\":\"sv-SE\"},{\"@type\":\"Organization\",\"@id\":\"https:\/\/www.blogg.sh.se\/hbtqi65plus\/#organization\",\"name\":\"hbtqi65plus\",\"url\":\"https:\/\/www.blogg.sh.se\/hbtqi65plus\/\",\"logo\":{\"@type\":\"ImageObject\",\"inLanguage\":\"sv-SE\",\"@id\":\"https:\/\/www.blogg.sh.se\/hbtqi65plus\/#\/schema\/logo\/image\/\",\"url\":\"https:\/\/www.blogg.sh.se\/hbtqi65plus\/wp-content\/uploads\/2025\/04\/regnbagsflagga.jpeg\",\"contentUrl\":\"https:\/\/www.blogg.sh.se\/hbtqi65plus\/wp-content\/uploads\/2025\/04\/regnbagsflagga.jpeg\",\"width\":800,\"height\":800,\"caption\":\"hbtqi65plus\"},\"image\":{\"@id\":\"https:\/\/www.blogg.sh.se\/hbtqi65plus\/#\/schema\/logo\/image\/\"}}]}<\/script>\n<!-- \/ Yoast SEO plugin. -->","yoast_head_json":{"title":"Kontakt - hbtqi65plus","robots":{"index":"index","follow":"follow","max-snippet":"max-snippet:-1","max-image-preview":"max-image-preview:large","max-video-preview":"max-video-preview:-1"},"canonical":"https:\/\/www.blogg.sh.se\/hbtqi65plus\/index.php\/kontakt\/","og_locale":"sv_SE","og_type":"article","og_title":"Kontakt - hbtqi65plus","og_description":"Vi som arbetar i det h\u00e4r projektet \u00e4r: Anna Siverskog, anna.siverskog@sh.se Max Kleijberg, max.kleijberg@ki.se Richard Br\u00e4nstr\u00f6m, richard.branstrom@ki.se Vi har alla tidigare p\u00e5 olika vis arbetat med hbtqi-forskning. Anna Siverskog \u00e4r doktor i \u00e4ldre och \u00e5ldrande och har under m\u00e5nga \u00e5r arbetat med hbtqi-\u00e5ldrande. Hon skrev sin avhandling baserad p\u00e5 livsber\u00e4ttelser med \u00e4ldre hbtqi-personer f\u00f6dda mellan [&hellip;]","og_url":"https:\/\/www.blogg.sh.se\/hbtqi65plus\/index.php\/kontakt\/","og_site_name":"hbtqi65plus","article_modified_time":"2025-04-30T09:21:57+00:00","og_image":[{"width":2560,"height":1707,"url":"https:\/\/www.blogg.sh.se\/hbtqi65plus\/wp-content\/uploads\/2025\/04\/pexels-mahima-518693-1250260-scaled.jpg","type":"image\/jpeg"}],"twitter_card":"summary_large_image","twitter_misc":{"Ber\u00e4knad l\u00e4stid":"1 minut"},"schema":{"@context":"https:\/\/schema.org","@graph":[{"@type":"WebPage","@id":"https:\/\/www.blogg.sh.se\/hbtqi65plus\/index.php\/kontakt\/","url":"https:\/\/www.blogg.sh.se\/hbtqi65plus\/index.php\/kontakt\/","name":"Kontakt - hbtqi65plus","isPartOf":{"@id":"https:\/\/www.blogg.sh.se\/hbtqi65plus\/#website"},"primaryImageOfPage":{"@id":"https:\/\/www.blogg.sh.se\/hbtqi65plus\/index.php\/kontakt\/#primaryimage"},"image":{"@id":"https:\/\/www.blogg.sh.se\/hbtqi65plus\/index.php\/kontakt\/#primaryimage"},"thumbnailUrl":"https:\/\/www.blogg.sh.se\/hbtqi65plus\/wp-content\/uploads\/2025\/04\/pexels-mahima-518693-1250260-scaled.jpg","datePublished":"2025-02-03T14:13:30+00:00","dateModified":"2025-04-30T09:21:57+00:00","breadcrumb":{"@id":"https:\/\/www.blogg.sh.se\/hbtqi65plus\/index.php\/kontakt\/#breadcrumb"},"inLanguage":"sv-SE","potentialAction":[{"@type":"ReadAction","target":["https:\/\/www.blogg.sh.se\/hbtqi65plus\/index.php\/kontakt\/"]}]},{"@type":"ImageObject","inLanguage":"sv-SE","@id":"https:\/\/www.blogg.sh.se\/hbtqi65plus\/index.php\/kontakt\/#primaryimage","url":"https:\/\/www.blogg.sh.se\/hbtqi65plus\/wp-content\/uploads\/2025\/04\/pexels-mahima-518693-1250260-scaled.jpg","contentUrl":"https:\/\/www.blogg.sh.se\/hbtqi65plus\/wp-content\/uploads\/2025\/04\/pexels-mahima-518693-1250260-scaled.jpg","width":2560,"height":1707},{"@type":"BreadcrumbList","@id":"https:\/\/www.blogg.sh.se\/hbtqi65plus\/index.php\/kontakt\/#breadcrumb","itemListElement":[{"@type":"ListItem","position":1,"name":"Home","item":"https:\/\/www.blogg.sh.se\/hbtqi65plus\/"},{"@type":"ListItem","position":2,"name":"Kontakt"}]},{"@type":"WebSite","@id":"https:\/\/www.blogg.sh.se\/hbtqi65plus\/#website","url":"https:\/\/www.blogg.sh.se\/hbtqi65plus\/","name":"hbtqi65plus","description":"Sociala relationer, h\u00e4lsa och livsvillkor bland hbtqi-personer  65 \u00e5r  och \u00e4ldre","publisher":{"@id":"https:\/\/www.blogg.sh.se\/hbtqi65plus\/#organization"},"potentialAction":[{"@type":"SearchAction","target":{"@type":"EntryPoint","urlTemplate":"https:\/\/www.blogg.sh.se\/hbtqi65plus\/?s={search_term_string}"},"query-input":{"@type":"PropertyValueSpecification","valueRequired":true,"valueName":"search_term_string"}}],"inLanguage":"sv-SE"},{"@type":"Organization","@id":"https:\/\/www.blogg.sh.se\/hbtqi65plus\/#organization","name":"hbtqi65plus","url":"https:\/\/www.blogg.sh.se\/hbtqi65plus\/","logo":{"@type":"ImageObject","inLanguage":"sv-SE","@id":"https:\/\/www.blogg.sh.se\/hbtqi65plus\/#\/schema\/logo\/image\/","url":"https:\/\/www.blogg.sh.se\/hbtqi65plus\/wp-content\/uploads\/2025\/04\/regnbagsflagga.jpeg","contentUrl":"https:\/\/www.blogg.sh.se\/hbtqi65plus\/wp-content\/uploads\/2025\/04\/regnbagsflagga.jpeg","width":800,"height":800,"caption":"hbtqi65plus"},"image":{"@id":"https:\/\/www.blogg.sh.se\/hbtqi65plus\/#\/schema\/logo\/image\/"}}]}},"_links":{"self":[{"href":"https:\/\/www.blogg.sh.se\/hbtqi65plus\/index.php\/wp-json\/wp\/v2\/pages\/21","targetHints":{"allow":["GET"]}}],"collection":[{"href":"https:\/\/www.blogg.sh.se\/hbtqi65plus\/index.php\/wp-json\/wp\/v2\/pages"}],"about":[{"href":"https:\/\/www.blogg.sh.se\/hbtqi65plus\/index.php\/wp-json\/wp\/v2\/types\/page"}],"author":[{"embeddable":true,"href":"https:\/\/www.blogg.sh.se\/hbtqi65plus\/index.php\/wp-json\/wp\/v2\/users\/2"}],"replies":[{"embeddable":true,"href":"https:\/\/www.blogg.sh.se\/hbtqi65plus\/index.php\/wp-json\/wp\/v2\/comments?post=21"}],"version-history":[{"count":2,"href":"https:\/\/www.blogg.sh.se\/hbtqi65plus\/index.php\/wp-json\/wp\/v2\/pages\/21\/revisions"}],"predecessor-version":[{"id":74,"href":"https:\/\/www.blogg.sh.se\/hbtqi65plus\/index.php\/wp-json\/wp\/v2\/pages\/21\/revisions\/74"}],"wp:featuredmedia":[{"embeddable":true,"href":"https:\/\/www.blogg.sh.se\/hbtqi65plus\/index.php\/wp-json\/wp\/v2\/media\/66"}],"wp:attachment":[{"href":"https:\/\/www.blogg.sh.se\/hbtqi65plus\/index.php\/wp-json\/wp\/v2\/media?parent=21"}],"curies":[{"name":"wp","href":"https:\/\/api.w.org\/{rel}","templated":true}]}}