{"id":253,"date":"2025-11-05T02:08:39","date_gmt":"2025-11-05T01:08:39","guid":{"rendered":"https:\/\/www.blogg.sh.se\/kpub\/?page_id=253"},"modified":"2026-01-29T14:37:35","modified_gmt":"2026-01-29T13:37:35","slug":"contact","status":"publish","type":"page","link":"https:\/\/www.blogg.sh.se\/kpub\/contact\/","title":{"rendered":"Contact"},"content":{"rendered":"<div class=\"et_pb_section_0 et_pb_section et_section_regular et_block_section\">\n<div class=\"et_pb_row_0 et_pb_row et_block_row\">\n<div class=\"et_pb_column_0 et_pb_column et_pb_column_4_4 et-last-child et_block_column et_pb_css_mix_blend_mode_passthrough\">\n<div class=\"et_pb_text_0 et_pb_text et_pb_bg_layout_light et_pb_module et_block_module\"><div class=\"et_pb_text_inner\"><h1>Contact<\/h1>\n<\/div><\/div>\n<\/div>\n<\/div>\n\n<div class=\"et_pb_row_1 et_pb_row et_flex_row\">\n<div class=\"et_pb_column_1 et_pb_column et-last-child et_flex_column et_pb_css_mix_blend_mode_passthrough et_flex_column_24_24 et_flex_column_24_24_tablet et_flex_column_24_24_phone\">\n<div class=\"et_pb_text_1 et_pb_text et_pb_bg_layout_light et_pb_module et_flex_module panel panel--tinted panel--sky\"><div class=\"et_pb_text_inner\"><h3>K-pub,<br \/>\nKnowledge Center<br \/>\nfor Public Service media<\/h3>\n<p>K-pub, Kunskapscentrum f\u00f6r Public Service<\/p>\n<p>S\u00f6dert\u00f6rns h\u00f6gskola<br \/>\nAlfred Nobels All\u00e9 7<br \/>\nS-141 89 Huddinge<\/p>\n<p>E-post:<br \/>\n<a href=\"mailto:kpub@sh.se\">kpub@sh.se<\/a><\/p>\n<p><a href=\"https:\/\/www.linkedin.com\/company\/knowledge-center-in-public-service-media\/\">LinkedIn<\/a><\/p>\n<p class=\"more\">\n  <a class=\"btn\" href=\"mailto:kpub@sh.se\">Send e-mail<\/a><\/p>\n<\/div><\/div>\n<\/div>\n<\/div>\n<\/div>","protected":false},"excerpt":{"rendered":"","protected":false},"author":3,"featured_media":665,"parent":0,"menu_order":0,"comment_status":"closed","ping_status":"closed","template":"","meta":{"_acf_changed":false,"_monsterinsights_skip_tracking":false,"_monsterinsights_sitenote_active":false,"_monsterinsights_sitenote_note":"","_monsterinsights_sitenote_category":0,"footnotes":""},"class_list":["post-253","page","type-page","status-publish","has-post-thumbnail","hentry"],"acf":[],"yoast_head":"<!-- This site is optimized with the Yoast SEO plugin v27.1.1 - https:\/\/yoast.com\/product\/yoast-seo-wordpress\/ -->\n<title>Contact K-pub \u2013 Public Service Media Research Network<\/title>\n<meta name=\"description\" content=\"Get in touch with K-pub to learn more or contribute to research on public service media in Sweden and Europe.\" \/>\n<meta name=\"robots\" content=\"index, follow, max-snippet:-1, max-image-preview:large, max-video-preview:-1\" \/>\n<link rel=\"canonical\" href=\"https:\/\/www.blogg.sh.se\/kpub\/contact\/\" \/>\n<meta property=\"og:locale\" content=\"sv_SE\" \/>\n<meta property=\"og:type\" content=\"article\" \/>\n<meta property=\"og:title\" content=\"Contact K-pub \u2013 Public Service Media Research Network\" \/>\n<meta property=\"og:description\" content=\"Get in touch with K-pub to learn more or contribute to research on public service media in Sweden and Europe.\" \/>\n<meta property=\"og:url\" content=\"https:\/\/www.blogg.sh.se\/kpub\/contact\/\" \/>\n<meta property=\"og:site_name\" content=\"kpub\" \/>\n<meta property=\"article:modified_time\" content=\"2026-01-29T13:37:35+00:00\" \/>\n<meta property=\"og:image\" content=\"https:\/\/www.blogg.sh.se\/kpub\/wp-content\/uploads\/2025\/11\/K-pub_D_SOC_675x1200.png\" \/>\n\t<meta property=\"og:image:width\" content=\"1200\" \/>\n\t<meta property=\"og:image:height\" content=\"675\" \/>\n\t<meta property=\"og:image:type\" content=\"image\/png\" \/>\n<meta name=\"twitter:card\" content=\"summary_large_image\" \/>\n<meta name=\"twitter:label1\" content=\"Ber\u00e4knad l\u00e4stid\" \/>\n\t<meta name=\"twitter:data1\" content=\"1 minut\" \/>\n<script type=\"application\/ld+json\" class=\"yoast-schema-graph\">{\"@context\":\"https:\/\/schema.org\",\"@graph\":[{\"@type\":\"WebPage\",\"@id\":\"https:\/\/www.blogg.sh.se\/kpub\/contact\/\",\"url\":\"https:\/\/www.blogg.sh.se\/kpub\/contact\/\",\"name\":\"Contact K-pub \u2013 Public Service Media Research Network\",\"isPartOf\":{\"@id\":\"https:\/\/www.blogg.sh.se\/kpub\/#website\"},\"primaryImageOfPage\":{\"@id\":\"https:\/\/www.blogg.sh.se\/kpub\/contact\/#primaryimage\"},\"image\":{\"@id\":\"https:\/\/www.blogg.sh.se\/kpub\/contact\/#primaryimage\"},\"thumbnailUrl\":\"https:\/\/www.blogg.sh.se\/kpub\/wp-content\/uploads\/2025\/11\/K-pub_D_SOC_675x1200.png\",\"datePublished\":\"2025-11-05T01:08:39+00:00\",\"dateModified\":\"2026-01-29T13:37:35+00:00\",\"description\":\"Get in touch with K-pub to learn more or contribute to research on public service media in Sweden and Europe.\",\"breadcrumb\":{\"@id\":\"https:\/\/www.blogg.sh.se\/kpub\/contact\/#breadcrumb\"},\"inLanguage\":\"sv-SE\",\"potentialAction\":[{\"@type\":\"ReadAction\",\"target\":[\"https:\/\/www.blogg.sh.se\/kpub\/contact\/\"]}]},{\"@type\":\"ImageObject\",\"inLanguage\":\"sv-SE\",\"@id\":\"https:\/\/www.blogg.sh.se\/kpub\/contact\/#primaryimage\",\"url\":\"https:\/\/www.blogg.sh.se\/kpub\/wp-content\/uploads\/2025\/11\/K-pub_D_SOC_675x1200.png\",\"contentUrl\":\"https:\/\/www.blogg.sh.se\/kpub\/wp-content\/uploads\/2025\/11\/K-pub_D_SOC_675x1200.png\",\"width\":1200,\"height\":675},{\"@type\":\"BreadcrumbList\",\"@id\":\"https:\/\/www.blogg.sh.se\/kpub\/contact\/#breadcrumb\",\"itemListElement\":[{\"@type\":\"ListItem\",\"position\":1,\"name\":\"Hem\",\"item\":\"https:\/\/www.blogg.sh.se\/kpub\/\"},{\"@type\":\"ListItem\",\"position\":2,\"name\":\"Contact\"}]},{\"@type\":\"WebSite\",\"@id\":\"https:\/\/www.blogg.sh.se\/kpub\/#website\",\"url\":\"https:\/\/www.blogg.sh.se\/kpub\/\",\"name\":\"K-pub\",\"description\":\"\",\"publisher\":{\"@id\":\"https:\/\/www.blogg.sh.se\/kpub\/#organization\"},\"potentialAction\":[{\"@type\":\"SearchAction\",\"target\":{\"@type\":\"EntryPoint\",\"urlTemplate\":\"https:\/\/www.blogg.sh.se\/kpub\/?s={search_term_string}\"},\"query-input\":{\"@type\":\"PropertyValueSpecification\",\"valueRequired\":true,\"valueName\":\"search_term_string\"}}],\"inLanguage\":\"sv-SE\"},{\"@type\":\"Organization\",\"@id\":\"https:\/\/www.blogg.sh.se\/kpub\/#organization\",\"name\":\"K-pub\",\"url\":\"https:\/\/www.blogg.sh.se\/kpub\/\",\"logo\":{\"@type\":\"ImageObject\",\"inLanguage\":\"sv-SE\",\"@id\":\"https:\/\/www.blogg.sh.se\/kpub\/#\/schema\/logo\/image\/\",\"url\":\"https:\/\/www.blogg.sh.se\/kpub\/wp-content\/uploads\/2025\/11\/K-pub_D_SOC_675x1200.png\",\"contentUrl\":\"https:\/\/www.blogg.sh.se\/kpub\/wp-content\/uploads\/2025\/11\/K-pub_D_SOC_675x1200.png\",\"width\":1200,\"height\":675,\"caption\":\"K-pub\"},\"image\":{\"@id\":\"https:\/\/www.blogg.sh.se\/kpub\/#\/schema\/logo\/image\/\"}}]}<\/script>\n<!-- \/ Yoast SEO plugin. -->","yoast_head_json":{"title":"Contact K-pub \u2013 Public Service Media Research Network","description":"Get in touch with K-pub to learn more or contribute to research on public service media in Sweden and Europe.","robots":{"index":"index","follow":"follow","max-snippet":"max-snippet:-1","max-image-preview":"max-image-preview:large","max-video-preview":"max-video-preview:-1"},"canonical":"https:\/\/www.blogg.sh.se\/kpub\/contact\/","og_locale":"sv_SE","og_type":"article","og_title":"Contact K-pub \u2013 Public Service Media Research Network","og_description":"Get in touch with K-pub to learn more or contribute to research on public service media in Sweden and Europe.","og_url":"https:\/\/www.blogg.sh.se\/kpub\/contact\/","og_site_name":"kpub","article_modified_time":"2026-01-29T13:37:35+00:00","og_image":[{"width":1200,"height":675,"url":"https:\/\/www.blogg.sh.se\/kpub\/wp-content\/uploads\/2025\/11\/K-pub_D_SOC_675x1200.png","type":"image\/png"}],"twitter_card":"summary_large_image","twitter_misc":{"Ber\u00e4knad l\u00e4stid":"1 minut"},"schema":{"@context":"https:\/\/schema.org","@graph":[{"@type":"WebPage","@id":"https:\/\/www.blogg.sh.se\/kpub\/contact\/","url":"https:\/\/www.blogg.sh.se\/kpub\/contact\/","name":"Contact K-pub \u2013 Public Service Media Research Network","isPartOf":{"@id":"https:\/\/www.blogg.sh.se\/kpub\/#website"},"primaryImageOfPage":{"@id":"https:\/\/www.blogg.sh.se\/kpub\/contact\/#primaryimage"},"image":{"@id":"https:\/\/www.blogg.sh.se\/kpub\/contact\/#primaryimage"},"thumbnailUrl":"https:\/\/www.blogg.sh.se\/kpub\/wp-content\/uploads\/2025\/11\/K-pub_D_SOC_675x1200.png","datePublished":"2025-11-05T01:08:39+00:00","dateModified":"2026-01-29T13:37:35+00:00","description":"Get in touch with K-pub to learn more or contribute to research on public service media in Sweden and Europe.","breadcrumb":{"@id":"https:\/\/www.blogg.sh.se\/kpub\/contact\/#breadcrumb"},"inLanguage":"sv-SE","potentialAction":[{"@type":"ReadAction","target":["https:\/\/www.blogg.sh.se\/kpub\/contact\/"]}]},{"@type":"ImageObject","inLanguage":"sv-SE","@id":"https:\/\/www.blogg.sh.se\/kpub\/contact\/#primaryimage","url":"https:\/\/www.blogg.sh.se\/kpub\/wp-content\/uploads\/2025\/11\/K-pub_D_SOC_675x1200.png","contentUrl":"https:\/\/www.blogg.sh.se\/kpub\/wp-content\/uploads\/2025\/11\/K-pub_D_SOC_675x1200.png","width":1200,"height":675},{"@type":"BreadcrumbList","@id":"https:\/\/www.blogg.sh.se\/kpub\/contact\/#breadcrumb","itemListElement":[{"@type":"ListItem","position":1,"name":"Hem","item":"https:\/\/www.blogg.sh.se\/kpub\/"},{"@type":"ListItem","position":2,"name":"Contact"}]},{"@type":"WebSite","@id":"https:\/\/www.blogg.sh.se\/kpub\/#website","url":"https:\/\/www.blogg.sh.se\/kpub\/","name":"K-pub","description":"","publisher":{"@id":"https:\/\/www.blogg.sh.se\/kpub\/#organization"},"potentialAction":[{"@type":"SearchAction","target":{"@type":"EntryPoint","urlTemplate":"https:\/\/www.blogg.sh.se\/kpub\/?s={search_term_string}"},"query-input":{"@type":"PropertyValueSpecification","valueRequired":true,"valueName":"search_term_string"}}],"inLanguage":"sv-SE"},{"@type":"Organization","@id":"https:\/\/www.blogg.sh.se\/kpub\/#organization","name":"K-pub","url":"https:\/\/www.blogg.sh.se\/kpub\/","logo":{"@type":"ImageObject","inLanguage":"sv-SE","@id":"https:\/\/www.blogg.sh.se\/kpub\/#\/schema\/logo\/image\/","url":"https:\/\/www.blogg.sh.se\/kpub\/wp-content\/uploads\/2025\/11\/K-pub_D_SOC_675x1200.png","contentUrl":"https:\/\/www.blogg.sh.se\/kpub\/wp-content\/uploads\/2025\/11\/K-pub_D_SOC_675x1200.png","width":1200,"height":675,"caption":"K-pub"},"image":{"@id":"https:\/\/www.blogg.sh.se\/kpub\/#\/schema\/logo\/image\/"}}]}},"_links":{"self":[{"href":"https:\/\/www.blogg.sh.se\/kpub\/wp-json\/wp\/v2\/pages\/253","targetHints":{"allow":["GET"]}}],"collection":[{"href":"https:\/\/www.blogg.sh.se\/kpub\/wp-json\/wp\/v2\/pages"}],"about":[{"href":"https:\/\/www.blogg.sh.se\/kpub\/wp-json\/wp\/v2\/types\/page"}],"author":[{"embeddable":true,"href":"https:\/\/www.blogg.sh.se\/kpub\/wp-json\/wp\/v2\/users\/3"}],"replies":[{"embeddable":true,"href":"https:\/\/www.blogg.sh.se\/kpub\/wp-json\/wp\/v2\/comments?post=253"}],"version-history":[{"count":6,"href":"https:\/\/www.blogg.sh.se\/kpub\/wp-json\/wp\/v2\/pages\/253\/revisions"}],"predecessor-version":[{"id":1480,"href":"https:\/\/www.blogg.sh.se\/kpub\/wp-json\/wp\/v2\/pages\/253\/revisions\/1480"}],"wp:featuredmedia":[{"embeddable":true,"href":"https:\/\/www.blogg.sh.se\/kpub\/wp-json\/wp\/v2\/media\/665"}],"wp:attachment":[{"href":"https:\/\/www.blogg.sh.se\/kpub\/wp-json\/wp\/v2\/media?parent=253"}],"curies":[{"name":"wp","href":"https:\/\/api.w.org\/{rel}","templated":true}]}}